the value of (0 - (6 - 3)) + (13 - 4)?
6
Calculate 1 - (2 + (2 - 3)) - -4.
4
Calculate -1 - (1 + -2 + -5) - 0.
5
Evaluate (-14 - (6 + -7)) + 6.
-7
What is the value of 13 + (-10 + -21 - -10)?
-8
What is (43 - 29) + 0 + (-8 - -1)?
7
Evaluate (0 - 3 - 0) + (-6 - -6).
-3
What is 0 - (5 + 4 + -4) - -4?
-1
What is the value of 4 + -1 + -6 - 2?
-5
2 - (3 + 0) - 2
-3
Calculate -6 + -13 + 12 - -8.
1
-3 - (-53 + 51 - (-1 - -1))
-1
What is 7 + -20 + (10 - (-1 + 7))?
-9
What is 2 - (6 - 6 - (2 - 2))?
2
What is -6 - (2 - (2 + 5 + -5))?
-6
Calculate 11 - (-2 + 8) - 5.
0
What is -5 + 11 + 0 + -2 + 2?
6
What is -5 - (-8 - (-6 - -1))?
-2
What is the value of 4 - (6 + -4 + -1)?
3
Evaluate -6 + (-4 - -3) + (0 - -5).
-2
Evaluate 1 - -1 - (15 + -11).
-2
What is 0 - (6 - (-3 + -4 + 9))?
-4
4 + (-3 - -1) - 2
0
Calculate 3 - (-1 + -1 + 3).
2
Calculate 0 + -3 - (5 + -4).
-4
Evaluate (-9 - -8 - (-2 + 0)) + 3.
4
What is (1 - 4) + (-1 - -2)?
-2
(-15 - -10) + (1 - (1 - 4))
-1
What is 5 - (9 + -8 - (0 + 1))?
5
What is the value of -2 - (-5 + 5) - -5?
3
Evaluate -9 + -2 + (-6 - -13 - 4).
-8
Evaluate -6 - (2 + 6 + -13).
-1
Evaluate -7 + (22 - 14) + -1 + 7.
7
What is the value of -3 + (15 + -5 - 8)?
-1
Calculate (3 - -1) + -1 + (1 - 1).
3
What is the value of -3 - (1 + -1 + -2) - -5?
4
(1 - 1) + -4 + 8
4
-9 - (-10 + 1 + 3)
-3
What is the value of -1 + 6 + -11 - -7?
1
What is 5 + (5 + -10 - 3)?
-3
Evaluate (4 - 7) + 3 + -4 - -9.
5
What is the value of -4 + 6 + (-2 - -5)?
5
Calculate (11 - 3) + -1 + -1.
6
What is (0 - 4) + (3 - (6 + -7))?
0
What is the value of -6 - (4 + -1 + -3 + -2)?
-4
What is 1 + -2 + -5 + 6?
0
Evaluate 6 - (1 + 1 + 5).
-1
Evaluate 7 + 0 + (0 - 3 - 0).
4
What is (8 - 14 - -5) + -3?
-4
Calculate 6 - 3 - (-3 + 0) - 4.
2
What is the value of (-5 - -7) + 2 - (-2 + -1)?
7
What is 0 + (-8 + 12 - (0 - -2))?
2
Calculate -8 + 1 + 1 + (-1 - -1).
-6
-2 - (-6 + -5 + 14)
-5
-5 - 1 - (4 + -18 + 9)
-1
What is -1 - 0 - (2 + (-7 - -3))?
1
What is 7 - (-8 - (-3 - (7 - 3)))?
8
Evaluate -3 + (12 - 0) + 1 + -6.
4
Calculate -1 + 1 + 4 - (3 + 0).
1
Evaluate 0 - (-1 + -5) - (1 - 0).
5
-3 - (-2 + 3 - 4 - -4)
-4
Evaluate 4 - (-1 + (0 - -4)).
1
11 + -1 + -3 + -4
3
Calculate 1 - -2 - (-9 - -17).
-5
8 + -7 + (2 - -3) + 0
6
Evaluate 6 + -7 + (11 - 6).
4
What is (13 + -17 - (-4 - 0)) + 2?
2
What is the value of 2 + -3 + (-5 - (-7 - 1))?
2
What is the value of (1 - 1 - -1) + (22 - 28)?
-5
Calculate (2 - -3) + 1 - 5.
1
What is the value of 3 + (-1 + 5 + -6 - 4)?
-3
3 + (-1 - 1) + 2 + 0
3
Evaluate -1 + -1 + -1 - (-3 - 2).
2
-74 - -80 - (-1 + 16) - -6
-3
6 + 1 + (-205 - -193)
-5
Calculate -8 - (10 - (-8 - -17)).
-9
-2 + -3 + -2 + 6
-1
Calculate -5 - -4 - 0 - (7 + -1).
-7
Evaluate (3 + -6 - -5) + -1 + -5.
-4
Evaluate (-2 - 0) + -1 - (3 - 5).
-1
9 - (-63 + 65 + 0 + 2)
5
What is -2 - (4 - (5 + -3))?
-4
7 + (-6 - -1) + 0
2
What is the value of -90 - -86 - (1 + -5)?
0
0 + (2 - 6 - -2) + 4
2
What is the value of 10 + -4 - (-3 - -6)?
3
What is the value of (2 - 10) + (-1 - -5)?
-4
What is the value of -5 + (0 - -7 - (-2 + 4))?
0
-1 + 0 - (7 - 3)
-5
-54 + 52 - (1 - -2)
-5
Evaluate -1 + 4 + 1 - 3.
1
(1 - (-1 + -1) - -2) + -6
-1
1 - 3 - (11 + -4 + -4)
-5
What is the value of -9 - (-5 + -7 + 4 + 2)?
-3
What is the value of -6 - 1 - (-8 - (6 + -11))?
-4
Calculate -2 - ((2 + 1 - 2) + -2).
-1
Evaluate 5 - (5 + (-3 - 1 - -3)).
1
Calculate -4 + 9 + -3 - 2.
0
-2 - (-2 + -3 + (-4 - -7))
0
What is the value of 1 + -4 - ((1 - -7) + -10)?
-1
Evaluate -8 - (-6 + 9) - -4.
-7
What is the value of (2 - 0) + 0 + (1 - -1)?
4
What is -1 - 1 - ((8 - 8) + -5)?
3
9 - (-5 + 25 + -10)
-1
Calculate (-6 - (1 + -3)) + 5.
1
Calculate 1 + (-4 - (-4 + -4)) + -8.
-3
2 + (5 + -4 - (1 + -1))
3
What is the value of -2 - (-2 - 1) - 2?
-1
5 - (14 + -7) - (2 - -1)
-5
What is the value of -6 - (-2 - 0 - (18 + -15))?
-1
Evaluate (6 - 6) + -9 + 1 + 7.
-1
What is the value of -4 + (-8 - -7) - -6 - 8?
-7
Calculate 11 + (-6 - 1) - (1 + 1).
2
Calculate -3 + (12 - (4 + 2)).
3
What is 2 - (0 - (-2 + 5)) - 8?
-3
What is -5 - -5 - 2 - 2?
-4
Calculate (-8 - -11) + 0 + -4.
-1
What is (2 - 4 - 12) + 1 + 3?
-10
Evaluate (1 - 3 - 1) + 6 + -5.
-2
Calculate -1 + 1 - ((7 - 5) + -8).
6
Evaluate -8 + 2 + 8 + (-1 - 8).
-7
Evaluate (4 - -5) + 1 + 1 + -6.
5
What is 23 - 24 - (10 + 0)?
-11
Calculate (1 - -2) + (-6 - 0) + -2.
-5
((-1 - -3) + 1 - 0) + 3
6
Evaluate -3 - ((31 - 36) + 0 + 3).
-1
Calculate 17 - (-3 - -7) - 4.
9
1 + 0 + -2 + -51 + 48
-4
What is 2 + 3 - -5 - 5 - 5?
0
Evaluate (-2 - 1) + -51 + 58.
4
Evaluate 9 + -10 + 3 + -6.
-4
What is the value of -2 - (-2 + 0 + -5)?
5
Calculate 4 - 0 - (15 - 13).
2
What is the value of 5 + 3 + -2 - 1?
5
Calculate (3 + -2 - 4) + -2.
-5
1 + -12 - (9 + -9 + -6)
-5
-1 + 7 + -13 + 11
4
Calculate 3 + -10 + 5 + 5.
3
Evaluate -1 + 2 + -3 + 0.
-2
What is 3 + -1 + -1 + 4?
5
What is (-20 - -10) + -2 + 4?
-8
Calculate (-2 - (-1 - 0)) + 2 - -3.
4
What is (2 + 5 - (2 + 2)) + -7?
-4
What is the value of -8 + 4 + -9 + 10?
-3
-2 + 0 + -3 + 10
5
5 + 1 + -1 - 6
-1
Calculate -4 + 10 - (-6 - -12).
0
Evaluate 0 + (3 - 1) + -3 - 1.
-2
Calculate 11 - (8 + -2 + 0).
5
Calculate -5 + 0 + (2 - (-11 + 11)).
-3
What is -7 + 5 + -2 + -1?
-5
Calculate (38 - 26) + (-11 - -2).
3
(0 + -6 - -3) + (0 - 2)
-5
What is -6 + (2 - (5 - 2))?
-7
Evaluate (-10 - -3) + 14 - (1 + 12).
-6
What is the value of 1 - (2 - -6 - 5)?
-2
2 + (5 - (0 - 5 - -20))
-8
-1 + 2 - (1 + -4 + -1)
5
What is -4 - -1 - (0 + 2)?
-5
Evaluate (7 - (4 + -6)) + -7.
2
What is -2 + 2 + 0 - 3 - -5?
2
What is the value of -8 - (10 - 23) - (0 - -2)?
3
4 + -5 + 4 + 0
3
Calculate 18 - 11 - 10 - (-1 + -3).
1
What is (-1 - 4) + 18 + -13?
0
Calculate 1 + (5 - (10 - 5)).
1
6 + -5 + -7 + 2 - 0
-4
What is (-7 + 5 - -3) + 2 + 1?
4
What is 6 - ((10 - 1) + -1 - 6)?
4
Calculate 2 + (-1 + -2 + 4 - 4).
-1
What is the value of -4 + (5 - (16 - 8))?
-7
(5 - 1) + -7 - (1 + -1)
-3
Calculate -4 + (0 - 4) + 8.
0
Evaluate 2 - (4 - 2 - (14 - 16)).
-2
(-6 + 16 - 9) + -4
-3
What is the value of -1 - 6 - ((2 - 0) + -4)?
-5
Calculate -6 - ((6 - 6) + 1) - -3.
-4
What is the value of 8 + 0 + -3 + -1?
4
What is the value of (9 - (6 + 14)) + 10?
-1
What is (-5 - -4) + -1 - (1 + 1)?
-4
What is the value of 0 + 2 + 5 + -3?
4
Evaluate -2 + 2 - (14 - 9).
-5
What is 7 - (0 + 12) - (-4 + 1)?
-2
-3 - (-1 + -3 + 4)
-3
Evaluate (6 - -2 - -4) + -7.
5
Calculate 8 - 2 - 8 - 3.
-5
What is -8 + 6 + (-2 - (2 + -3))?
-3
What is (0 - -3) + -2 - 0?
1
What is the value of 6 + -4 - (2 + 0 + 4)?
-4
Evaluate -3 - -7 - 0 - (2 + 5).
-3
What is the value of (1 - 3) + (0 - -9 - 2)?
5
Evaluate 4 + 2 + 0 + -1.
5
What is the value of 3 + 5 + -6 + (1 - 5)?
-2
Calculate -9 + (3 - 1 - -3).
-4
What is -1 - 2 - (0 - (4 + -6))?
-5
Calculate 4 + -6 + 2 + -4.
-4
What is 7 + -6 + 5 + -2?
4
7 + -4 - (9 - 4)
-2
Calculate -4 + 4 - (0 - (0 - -2)).
2
-3 - ((-2 - (-4 - -2)) + -1)
-2
Calculate (0 + -2 - 2 - -1) + 2.
-1
What is (-9 - -12) + (1 - 5) - 3?
-4
What is the value of -57 + 50 + -1 + 3?
-5
What is (10 - 7) + -7 + 0 + 1?
-3
-3 + (-5 - -4) + 1
-3
What is the value of -10 - -1 - (-1 - (5 - 3))?
-6
(-2 + 16 - 4) + -5
5
Evaluate (3 - 0 - -1) + -12 + 7.
-1
Evaluate -3 + (-5 - (-5 + 1)) - 0.
-4
Calculate (4 - 6) + 1 + 2.
1
-2 + (1 - -3) - 5
-3
What is the value of 0 + (2 - 5) - 0 - -5?
2
What is the value of (3 - 9 - -3) + (-2 - -11)?
6
Calculate 3 - (0 + (10 - 5)).
-2
What is the value of 2 + -5 + 4 + 1?
2
-1 - 0 - (-7 + 1)
5
What is the value of 2 + 2 + -12 + (-14 - -22)?
0
(4 - (-2 + 5 + 2)) + 8
7
-8 - ((6 - 7) + -11)
4
Evaluate 6 + (-4 + -3 - 9 - -7).
-3
4 + -1 - (-4 + 5 + -1)
3
What is 11 + -6 - 1 - (1 + 10)?
-7
What is 2 + -2 - ((17 - 11) + -4)?
-2
-9 - (1 - 8 - -3)
-5
What is the value of 8 - (8 + 8 + -1)?
-7
Evaluate 0 - (-2 - (-6 - 6 - -6)).
-4
What is (-8 - (4 - (3 - 2))) + 5?
-6
-4 + 4 + 0 - (-6 + 4)
2
What is the value of 3 + (2 - (3 - (-2 - -4)))?
4
What is -28 + 21 - (-8 - 1)?
2
What is the value of -1 + (3 + (2 - -3) - 3)?
4
Calculate 21 + -16 + 4 - 2.
7
What is -2 + 0 + -2 + 9?
5
Evaluate -5 - (-1 + (5 - -2) - 5).
-6
(3 + 1 - 3) + 2
3
Evaluate -7 + (-5 - -4) + 8.
0
What is (-1 + -1 - (-20 - -17)) + -1?
0
Calculate (2 - (-3 + 7)) + -5 + 5.
-2
-6 + 0 - (5 - 10) - 0
-1
What is -7 - 1 - (-4 - (2 + -2))?
-4
What is the value of (-3 - (2 + 0 + 1)) + 0?